{"id":10409,"date":"2026-05-30T22:39:34","date_gmt":"2026-05-30T19:39:34","guid":{"rendered":"https:\/\/rentaluxcar.com\/?post_type=portfolio&#038;p=10409"},"modified":"2026-05-30T22:39:38","modified_gmt":"2026-05-30T19:39:38","slug":"location-de-mercedes-classe-e","status":"publish","type":"portfolio","link":"https:\/\/rentaluxcar.com\/fr\/soforlu-luks-arac-kirala\/mercedes-e-class-kiralama\/","title":{"rendered":"Location de Mercedes Classe E"},"content":{"rendered":"","protected":false},"excerpt":{"rendered":"<p>Le <strong>Mercedes-Benz Classe E<\/strong> Alliant \u00e0 la perfection luxe, performance et \u00e9l\u00e9gance, la Classe E est l&#039;un des v\u00e9hicules de pr\u00e9dilection pour le transport de cadres et les services de voyage haut de gamme. Con\u00e7ue pour les clients exigeants en mati\u00e8re de confort et de professionnalisme, elle offre une exp\u00e9rience de voyage raffin\u00e9e gr\u00e2ce \u00e0 son habitacle spacieux, sa technologie de pointe et son allure sophistiqu\u00e9e.<\/p>\n<p>Id\u00e9ale pour les r\u00e9unions d&#039;affaires, les transferts a\u00e9roport, les trajets depuis et vers l&#039;h\u00f4tel, ainsi que les voyages priv\u00e9s, la Mercedes-Benz Classe E vous garantit un voyage tout confort en toutes circonstances. Avec le service de chauffeur professionnel de RENTALUXCAR, profitez d&#039;un transport fiable, \u00e9l\u00e9gant et serein, parfaitement adapt\u00e9 \u00e0 vos attentes.<\/p>","protected":false},"author":3,"featured_media":11390,"menu_order":2,"comment_status":"closed","ping_status":"closed","template":"","meta":{"rs_blank_template":"","rs_page_bg_color":"","slide_template_v7":""},"portfolio-types":[20,29],"class_list":["post-10409","portfolio","type-portfolio","status-publish","has-post-thumbnail","hentry","portfolio-types-luxury-sedan","portfolio-types-our-fleet"],"_links":{"self":[{"href":"https:\/\/rentaluxcar.com\/fr\/wp-json\/wp\/v2\/portfolio\/10409","targetHints":{"allow":["GET"]}}],"collection":[{"href":"https:\/\/rentaluxcar.com\/fr\/wp-json\/wp\/v2\/portfolio"}],"about":[{"href":"https:\/\/rentaluxcar.com\/fr\/wp-json\/wp\/v2\/types\/portfolio"}],"author":[{"embeddable":true,"href":"https:\/\/rentaluxcar.com\/fr\/wp-json\/wp\/v2\/users\/3"}],"replies":[{"embeddable":true,"href":"https:\/\/rentaluxcar.com\/fr\/wp-json\/wp\/v2\/comments?post=10409"}],"wp:featuredmedia":[{"embeddable":true,"href":"https:\/\/rentaluxcar.com\/fr\/wp-json\/wp\/v2\/media\/11390"}],"wp:attachment":[{"href":"https:\/\/rentaluxcar.com\/fr\/wp-json\/wp\/v2\/media?parent=10409"}],"wp:term":[{"taxonomy":"portfolio-types","embeddable":true,"href":"https:\/\/rentaluxcar.com\/fr\/wp-json\/wp\/v2\/portfolio-types?post=10409"}],"curies":[{"name":"wp","href":"https:\/\/api.w.org\/{rel}","templated":true}]}}

<p>Le <strong>Mercedes-Benz Classe E</strong> Alliant à la perfection luxe, performance et élégance, la Classe E est l&#039;un des véhicules de prédilection pour le transport de cadres et les services de voyage haut de gamme. Conçue pour les clients exigeants en matière de confort et de professionnalisme, elle offre une expérience de voyage raffinée grâce à son habitacle spacieux, sa technologie de pointe et son allure sophistiquée.</p>
<p>Idéale pour les réunions d&#039;affaires, les transferts aéroport, les trajets depuis et vers l&#039;hôtel, ainsi que les voyages privés, la Mercedes-Benz Classe E vous garantit un voyage tout confort en toutes circonstances. Avec le service de chauffeur professionnel de RENTALUXCAR, profitez d&#039;un transport fiable, élégant et serein, parfaitement adapté à vos attentes.</p>
